 the greatest common factor of 1417242 and 24.
6
What is the highest common divisor of 290319 and 667?
29
What is the greatest common factor of 10442867 and 1115?
223
Calculate the highest common factor of 104 and 2126124.
52
What is the highest common divisor of 606 and 24061533?
303
What is the greatest common factor of 3552065 and 6380?
1595
Calculate the greatest common divisor of 7582698 and 2538.
846
What is the greatest common divisor of 110401870 and 30?
10
Calculate the greatest common factor of 133 and 73373858.
19
What is the highest common factor of 32823882 and 819?
819
Calculate the greatest common divisor of 33710036 and 615.
41
What is the greatest common factor of 4857214 and 13354?
1214
What is the greatest common factor of 80917728 and 745?
149
Calculate the highest common factor of 1353 and 465618714.
1353
What is the highest common factor of 79708447 and 221?
13
What is the highest common divisor of 8910 and 41622570?
990
Calculate the greatest common divisor of 27501820 and 80.
20
What is the greatest common divisor of 6 and 178589904?
6
Calculate the greatest common factor of 71313 and 111903.
33
What is the greatest common divisor of 2406180 and 32?
4
What is the highest common divisor of 10598744 and 832?
104
Calculate the greatest common factor of 12 and 910201740.
12
What is the highest common divisor of 11265 and 3769269?
2253
Calculate the greatest common divisor of 98812805 and 455.
455
What is the highest common factor of 42 and 57613458?
42
What is the greatest common divisor of 22682088 and 24552?
792
Calculate the highest common divisor of 201349 and 304241.
887
What is the greatest common factor of 4266 and 8734635?
2133
What is the highest common divisor of 883 and 78876624?
883
What is the greatest common divisor of 9805751 and 1362773?
4439
What is the greatest common divisor of 1000 and 92610375?
125
Calculate the highest common divisor of 779352 and 2184.
168
Calculate the highest common divisor of 11458005 and 7472040.
13155
Calculate the highest common factor of 275 and 3565111.
11
What is the greatest common factor of 448 and 7569184?
224
What is the greatest common factor of 4766 and 486077191?
2383
What is the highest common divisor of 246430 and 35720?
190
Calculate the highest common divisor of 130 and 2640181310.
130
Calculate the highest common divisor of 10920 and 18457040.
280
What is the highest common divisor of 666 and 3297834?
18
What is the highest common divisor of 114759658 and 19?
19
Calculate the greatest common factor of 20406 and 3729465.
537
What is the greatest common divisor of 51088 and 2081216?
496
What is the highest common divisor of 228 and 9977376?
12
Calculate the greatest common divisor of 122358885 and 165.
165
Calculate the highest common divisor of 24907050 and 38430.
630
Calculate the greatest common divisor of 594 and 3659634.
594
What is the greatest common factor of 65 and 91235235?
65
Calculate the greatest common divisor of 110 and 9164045.
55
What is the greatest common divisor of 58794 and 11398?
82
What is the greatest common divisor of 82 and 4131466?
2
What is the greatest common factor of 1624 and 1846152?
56
What is the highest common divisor of 4526899 and 799?
47
What is the greatest common factor of 15 and 31765065?
15
Calculate the greatest common factor of 1681 and 119556.
41
Calculate the highest common factor of 49 and 65827.
1
Calculate the highest common factor of 1277 and 4035132281.
1277
What is the highest common factor of 1817980 and 27880?
340
Calculate the highest common factor of 34602 and 3820966.
146
What is the greatest common factor of 274971 and 15782?
607
What is the highest common factor of 71517 and 2004783?
2307
Calculate the greatest common factor of 14222 and 242321.
547
Calculate the greatest common divisor of 32188 and 14264236.
2476
What is the greatest common factor of 5797 and 3627613?
187
What is the highest common divisor of 3 and 153771?
3
Calculate the highest common divisor of 64 and 81977408.
64
Calculate the highest common factor of 480 and 156419440.
80
What is the highest common divisor of 41069293 and 206?
103
Calculate the greatest common factor of 8260 and 791.
7
What is the greatest common divisor of 4266 and 46185849?
2133
Calculate the greatest common factor of 1685694 and 1227.
3
Calculate the highest common factor of 49 and 20939023.
49
Calculate the greatest common factor of 5216 and 37392.
16
Calculate the greatest common factor of 4596 and 98052.
12
What is the highest common factor of 20284186 and 16510?
3302
What is the highest common divisor of 974244 and 24092?
76
What is the highest common factor of 303639 and 47082?
399
What is the greatest common factor of 917603 and 229458?
229
What is the highest common factor of 16950418 and 3474?
386
Calculate the greatest common factor of 117 and 137924436.
39
Calculate the highest common divisor of 35836 and 351044.
124
Calculate the highest common divisor of 242525 and 621845.
545
Calculate the greatest common divisor of 45 and 14635305.
45
Calculate the greatest common factor of 15532 and 1049822.
706
Calculate the greatest common divisor of 183 and 63355027.
61
What is the greatest common divisor of 6927195 and 649?
11
Calculate the greatest common factor of 1976 and 392540798.
494
Calculate the greatest common divisor of 363 and 2136255.
363
Calculate the highest common divisor of 110 and 18363466.
22
What is the greatest common factor of 1174680 and 16320?
120
Calculate the greatest common divisor of 3074 and 10018696.
106
Calculate the greatest common factor of 15475115 and 9575.
1915
Calculate the highest common factor of 2158 and 145574.
26
Calculate the highest common factor of 2000 and 606908400.
400
Calculate the greatest common divisor of 1474 and 2131039922.
1474
Calculate the highest common factor of 7726998 and 3162.
186
Calculate the greatest common factor of 124228 and 95212.
52
Calculate the greatest common factor of 23496202 and 101246.
1426
What is the highest common divisor of 2052 and 6673842?
18
What is the greatest common divisor of 182780 and 18070?
130
Calculate the greatest common factor of 6649 and 630313.
61
What is the highest common divisor of 1055 and 1898156?
211
What is the greatest common divisor of 7502 and 86366?
62
Calculate the greatest common factor of 24400 and 611200.
400
What is the highest common divisor of 1744 and 2251286?
218
What is the greatest common factor of 154406 and 35508?
538
What is the highest common factor of 735179 and 37399?
251
Calculate the highest common factor of 1175 and 6585925.
25
What is the greatest common divisor of 524265 and 217?
7
What is the greatest common factor of 33831 and 34860966?
3759
What is the greatest common divisor of 150594226 and 842?
842
What is the highest common factor of 1380 and 77023800?
60
Calculate the greatest common factor of 4777722 and 9526.
866
What is the greatest common divisor of 2709 and 5868513?
63
What is the highest common factor of 5643465 and 195?
15
Calculate the greatest common divisor of 3 and 624436.
1
Calculate the highest common divisor of 34234257 and 114.
57
What is the highest common divisor of 3962 and 18228266?
14
What is the highest common divisor of 7163192 and 123?
41
Calculate the highest common factor of 208010 and 28210.
310
What is the highest common factor of 239936 and 220376?
1304
Calculate the highest common factor of 8003910 and 50.
10
Calculate the highest common factor of 41844051 and 9.
9
What is the greatest common divisor of 147963790 and 156?
26
Calculate the greatest common divisor of 308 and 26241446.
154
What is the greatest common factor of 29432 and 25624?
8
Calculate the greatest common factor of 4055493 and 27378.
507
What is the greatest common divisor of 13748 and 14028?
28
Calculate the greatest common factor of 57981584 and 3624.
1208
Calculate the highest common factor of 4094235 and 231435.
1665
What is the highest common divisor of 34194 and 241026?
834
What is the greatest common factor of 12375 and 29982375?
1125
Calculate the highest common factor of 100 and 119414.
2
What is the greatest common divisor of 24 and 7021344?
24
What is the greatest common factor of 52 and 6929156?
52
What is the greates